0, what is -91 - 51?
-142
In base 9, what is 226 + 45?
272
In base 12, what is -12 - 1026?
-1038
In base 6, what is -43 - 3?
-50
In base 6, what is 20 - 31?
-11
In base 3, what is 10 + -1012?
-1002
In base 5, what is -142 - 11?
-203
In base 7, what is -116 - 5?
-124
In base 9, what is -1 - -31?
30
In base 13, what is -46 + -5?
-4b
In base 9, what is 150 + 55?
215
In base 8, what is -1050 + -1?
-1051
In base 11, what is -3 + -44?
-47
In base 9, what is -1 - -774?
773
In base 7, what is 5 + 344?
352
In base 16, what is 56 - -1?
57
In base 2, what is -1001000001 - -11?
-1000111110
In base 12, what is 1526 + -1?
1525
In base 4, what is -10 + 123?
113
In base 2, what is 100101100 + 101?
100110001
In base 14, what is 2 - -2?
4
In base 7, what is -16 - -15?
-1
In base 15, what is -2 + -4?
-6
In base 2, what is 0 + 1010000?
1010000
In base 15, what is -105e + 8?
-1056
In base 14, what is -1 - 29?
-2a
In base 6, what is -13542 + -5?
-13551
In base 10, what is 1 + -404?
-403
In base 2, what is 100 + 111011?
111111
In base 10, what is -4 - -9234?
9230
In base 11, what is -11 + -15?
-26
In base 10, what is -1700 - 4?
-1704
In base 15, what is -5 + 58?
53
In base 7, what is 2 + -616?
-614
In base 4, what is -2 + 3010?
3002
In base 15, what is 2 - 3b5?
-3b3
In base 4, what is -3 + -210?
-213
In base 9, what is 446 - 0?
446
In base 10, what is 12 - -149?
161
In base 12, what is -2 - 12a?
-130
In base 16, what is e + -5?
9
In base 2, what is -101 + 1101101011010?
1101101010101
In base 12, what is 4 + 2360?
2364
In base 4, what is 21021 + -11?
21010
In base 7, what is -1104 - 0?
-1104
In base 9, what is 4 - 3811?
-3806
In base 3, what is 22 - -1221?
2020
In base 14, what is 0 - 28?
-28
In base 5, what is 122 + 12?
134
In base 11, what is 0 - -4a?
4a
In base 11, what is 1 - 123?
-122
In base 2, what is 100101101100 + -11?
100101101001
In base 16, what is 11 - 0?
11
In base 3, what is -1002 + -1211?
-2220
In base 6, what is -455 + 0?
-455
In base 16, what is -bf - 45?
-104
In base 6, what is -10 + -32?
-42
In base 14, what is -1143 - -3?
-1140
In base 11, what is 23 + 22?
45
In base 16, what is 1f - 2?
1d
In base 16, what is -41e + 3?
-41b
In base 13, what is 1b3 + -2?
1b1
In base 9, what is -2 - 24?
-26
In base 9, what is -16 + -3?
-20
In base 5, what is 132110 - -4?
132114
In base 13, what is 79 - 24?
55
In base 9, what is -203 - -13?
-180
In base 6, what is 2 + -50?
-44
In base 11, what is -150 - 4?
-154
In base 12, what is 13a - -2a?
168
In base 16, what is 1f - 175?
-156
In base 5, what is -3322 - -42?
-3230
In base 2, what is 0 - -101?
101
In base 8, what is -367 - -2?
-365
In base 11, what is 108 - 65?
53
In base 2, what is -1100 + -1101000?
-1110100
In base 8, what is -5 - -137?
132
In base 16, what is -1e7 + 23?
-1c4
In base 13, what is 1 - 3a?
-39
In base 6, what is -130 + -4?
-134
In base 13, what is 1 - 1c?
-1b
In base 14, what is -da1 - -4?
-d9b
In base 13, what is 1 - -16?
17
In base 14, what is 2 - 5?
-3
In base 13, what is 8 + -1ca?
-1c2
In base 2, what is -11 + -10000110?
-10001001
In base 10, what is 1 + -193?
-192
In base 3, what is 101212 + -11?
101201
In base 4, what is 1123 + -23?
1100
In base 7, what is -4 - -2?
-2
In base 8, what is -475 - -1?
-474
In base 16, what is -bc + 0?
-bc
In base 11, what is 1a + 27?
46
In base 9, what is -6585 - -4?
-6581
In base 16, what is -130 + 3?
-12d
In base 7, what is -113 - 31?
-144
In base 7, what is 0 - -114?
114
In base 5, what is -2011 + -1?
-2012
In base 14, what is -5 + 16?
11
In base 4, what is 0 + 203?
203
In base 9, what is -1686 - 3?
-1700
In base 12, what is -21 + 2?
-1b
In base 12, what is -1 - -250?
24b
In base 14, what is 6a2 - -5?
6a7
In base 16, what is -3 + 56?
53
In base 14, what is -2 - b4?
-b6
In base 10, what is 308 + 0?
308
In base 13, what is -4 - 2b4?
-2b8
In base 7, what is -5 - -1635?
1630
In base 5, what is 0 + 13100?
13100
In base 9, what is 203 - -1?
204
In base 13, what is 189 - -1?
18a
In base 14, what is 100 - 1?
dd
In base 5, what is -2 + -102330?
-102332
In base 9, what is 21 + -47?
-26
In base 9, what is 11 - 651?
-640
In base 8, what is -26 - 2300?
-2326
In base 13, what is -5 + -4?
-9
In base 10, what is 20 - -363?
383
In base 3, what is -2 + -101102?
-101111
In base 7, what is 144 - -25?
202
In base 4, what is 2 - 10?
-2
In base 4, what is 32331 + 0?
32331
In base 8, what is -160 + 2?
-156
In base 3, what is -2 + 11110?
11101
In base 10, what is 3527 - -4?
3531
In base 9, what is 13052 - 3?
13048
In base 10, what is -5 - -27?
22
In base 15, what is 143 - -5?
148
In base 3, what is -102202122 + -11?
-102202210
In base 10, what is -1 + -86?
-87
In base 16, what is -5 + 68?
63
In base 15, what is ed + 4?
102
In base 16, what is -79 - 6?
-7f
In base 14, what is 13 - -6?
19
In base 12, what is -2 + 3a?
38
In base 10, what is -73 + 54?
-19
In base 14, what is -2a9 + 3?
-2a6
In base 7, what is -15 + 22?
4
In base 10, what is 18 - 249?
-231
In base 12, what is -437 + -4?
-43b
In base 11, what is 4511 + 3?
4514
In base 12, what is -8 + -341?
-349
In base 4, what is -11 - 212?
-223
In base 16, what is 5 + 18?
1d
In base 13, what is -b - a?
-18
In base 10, what is 18 - -87?
105
In base 12, what is 2 + -950?
-94a
In base 8, what is -1 + 121?
120
In base 16, what is 1be + -9?
1b5
In base 3, what is 2 - 11011?
-11002
In base 2, what is 1010000100010 + 101?
1010000100111
In base 8, what is -316 + 5?
-311
In base 15, what is 5 + -2?
3
In base 8, what is -2247 - -2?
-2245
In base 8, what is 3 - 247?
-244
In base 13, what is 58 - 4?
54
In base 12, what is -2 + -343a?
-3440
In base 16, what is -2f9 - -1?
-2f8
In base 3, what is -102 - 11?
-120
In base 8, what is 77 - 21?
56
In base 14, what is -1 - -111?
110
In base 9, what is -3 + -3813?
-3816
In base 4, what is 11331 - -21?
12012
In base 5, what is 111 + 401?
1012
In base 12, what is 17 + 5?
20
In base 15, what is 0 - 3e?
-3e
In base 11, what is 14 + -87?
-73
In base 10, what is -1589 - 7?
-1596
In base 4, what is -20 - -2211?
2131
In base 7, what is -15 - 1066?
-1114
In base 10, what is -2 + 350?
348
In base 10, what is 110 - 3?
107
In base 13, what is -737 + -5?
-73c
In base 3, what is -1210222 + 111?
-1210111
In base 2, what is -101 + -1000011?
-1001000
In base 5, what is 122 + 1231?
1403
In base 12, what is -a - 8?
-16
In base 8, what is 15 + -674?
-657
In base 10, what is -4437 + 3?
-4434
In base 6, what is 2 - -1033?
1035
In base 11, what is -4 - 279?
-282
In base 12, what is -15 + 6?
-b
In base 15, what is -8 + -1e?
-27
In base 6, what is 1411 - -3?
1414
In base 11, what is 0 - -53?
53
In base 14, what is 57 + -2?
55
In base 13, what is 186 - 4?
182
In base 10, what is -236 - -1?
-235
In base 9, what is 1 + 33?
34
In base 11, what is -26 - -53?
28
In base 16, what is 6 + -4c?
-46
In base 6, what is -10111 + 3?
-10104
In base 8, what is -2 - -50?
46
In base 4, what is 131 - -11301?
12032
In base 5, what is -311403 - -10?
-311343
In base 14, what is -9 - -123?
118
In base 12, what is b99 - -3?
ba0
In base 9, what is -1 - 57?
-58
In base 14, what is -a + -13?
-1d
In base 9, what is -42 - 175?
-227
In base 13, what is 3 + 56?
59
In base 9, what is 8 - -2?
11
In base 8, what is 100 + -5?
73
In base 12, what is 1 + 25?
26
In base 11, what is 67 + 19?
85
In base 3, what is -22022 + 2?
-22020
In base 6, what is -30 + -25?
-55
In base 8, what is -743 + -101?
-1044
In base 6, what is -411 - 4?
-415
In base 10, what is -60 - 1?
-61
In base 11, what is -10522 - 3?
-10525
In base 4, what is 1203 + -11?
1132
In base 3, what is -12 + -1221?
-2010
In base 9, what is -163 - -172?
8
In base 4, what is 22021 - -1?
22022
In base 14, what is -1 + 29?
28
In base 10, what is 5 - -505?
510
In base 7, what is 1 - -541?
542
In base 8, what is 140 + -20?
120
In base 2, what is 100010100 - 100?
100010000
In base 4, what is 21 + 32011?
32032
In base 15, what is 3b - 44?
-8
In base 8, what is -11 - 50?
-61
In base 16, what is a6 - -b?
b1
In base 10, what is 12 - 42?
-30
In base 2, what is 110011001100 + 11?
110011001111
In base 5, what is -21 + 2?
-14
In base 10, what is 4 + -357?
-353
In base 11, what is 0 + -192?
-192
In base 10, what is 0 + -512?
-512
In base 12, what is -3 - -828?
825
In base 4, what is 2 + -232103?
-232101
In base 11, what is -45